et r = 28 + -1. Let p = -22 + r. Calculate m(p).
-3
Let l be -3 + 11 + -11 + -28. Suppose -3*r - 140 = r. Let w = l - r. Let b(u) = u - 1. Give b(w).
3
Let m(o) = 4*o + 8. Suppose 15*q - 30 = 10*q. Let w be (-8)/q*3*2 - -1. Determine m(w).
-20
Let k(u) = 492 - 505 - 35*u + 39*u. Let q be k(3). Let j(x) = 8*x - 2. Give j(q).
-10
Let a(j) = -2*j - 10. Let u(p) = -p**2 + 27*p - 152. Let f be u(8). Suppose 0 = -f*l - 8*l + 64. Calculate a(l).
-26
Let x(v) = -v + 12. Let z(w) = -2*w + 18. Let y(a) = -2*a + 17. Let l(k) = 5*y(k) - 6*z(k). Let b(d) = -4*l(d) - 7*x(d). Give b(6).
2
Suppose 2*t - c = 26, t - 10 - 3 = 4*c. Suppose -4*k + 20 = 0, 3*i + t = 2*k - 27. Let s(h) = h**2 + 10*h - 14. Give s(i).
-14
Let h(m) be the third derivative of m**4/12 + 5*m**3/6 + 10*m**2 - 100*m - 1. Suppose -4*u - 11 - 9 = 0. What is h(u)?
-5
Let d(b) be the second derivative of b**4/12 - 4*b**3/3 + 5*b**2/2 + 758*b. Let q = -18 + 6. Let k = q - -17. Determine d(k).
-10
Let t(r) be the third derivative of r**5/30 - 11*r**4/12 - 19*r**3/6 - 73*r**2 + 36*r. Give t(10).
-39
Suppose 0 = 3*x + 12*x - 270. Let q(a) = 3 - x + 1 + 6 - a + 5. Determine q(-11).
8
Let l(a) = -11*a**2 - 109*a + 16. Suppose 1807 = -154*f - 205 + 472. Determine l(f).
6
Let r be (-2)/(-7) - (-2844)/(-2212). Let f(v) = -2*v**3 + v**2 + 2*v + 1. Give f(r).
2
Let p(x) = -x**2 - 29*x - 10. Suppose -4*n - 5*g - 126 = 0, -n - g + 4*g = 23. Let o be p(n). Let r(z) = -z - 16. Calculate r(o).
-6
Let g(u) = -760 + 4*u + 187 + 187 + 167 + 186. What is g(6)?
-9
Let s(j) = -9*j - 264. Let r(d) = 280*d + 8295. Let i(h) = 2*r(h) + 63*s(h). Calculate i(-5).
-7
Let j be 1/(5/10 - 0). Let k(a) = -a - a + 2 + 6 - 3*a**j - 6. Calculate k(2).
-14
Let i(y) = -y**2 + 10*y - 4. Let t = 15235 - 15227. Give i(t).
12
Let v = -850 - -847. Let n(d) = -45*d - 17. Calculate n(v).
118
Let g(b) = -b + 5. Let o = 54 + -34. Suppose 2*r + o + 20 = -5*k, r + 11 = 2*k. Let j be (34/85)/((-1)/r). Calculate g(j).
-1
Let o(z) = z**2 + 9*z + 16. Let a(m) = -6*m**2 - 46*m - 83. Let w(h) = 2*a(h) + 11*o(h). Let g be ((-125)/50)/((-15)/42). Give w(g).
10
Let o be 10/((-1)/(4 - 5)). Suppose o = -3*r - 3*a - 8, 2*r + 4*a = -20. Let j(g) = -3*g**2 - 3*g - 3. Calculate j(r).
-9
Let c(i) be the first derivative of 15*i**2/2 + 9*i + 1103. Calculate c(-6).
-81
Let l(k) = 2*k**2 - 4*k**2 - 297 + 17*k + k**2 + 316. Suppose 9*x - 162 = -0*x. Calculate l(x).
1
Let r(z) = z**3 - 4*z**2 + 6. Suppose 4*o - 157 = -2*w + 57, 0 = 3*o + 5*w - 171. Let x = o - 48. Calculate r(x).
6
Let d(c) = 2*c - 35. Let u(f) = -5*f + 120. Let r(i) = 13*d(i) + 4*u(i). Calculate r(-3).
7
Let w(x) = 3*x**2 + x - 1. Let t(u) be the second derivative of 2*u**3/3 + 11*u**2 + 11*u - 3. Let z be t(-6). Give w(z).
9
Let y(t) = -9*t - 83. Let p(x) = -20*x - 194. Let c(f) = 4*p(f) - 9*y(f). Calculate c(22).
-7
Suppose -z = -7, 13*n - 2*z + 8 = 14*n. Let i(k) = -38*k - 230. Determine i(n).
-2
Let g(s) = 9*s**2 + s. Let p be g(-1). Let b(d) = d - 4. Let r(n) = 13*n - 25. Let u(y) = 9*b(y) - r(y). What is u(p)?
-43
Let o(q) = -2*q**3 + 15*q**2 - 27*q + 3. Let n = -7212 + 7217. Calculate o(n).
-7
Let r(b) be the second derivative of -3/2*b**3 + 1/12*b**4 - 5/2*b**2 + 51*b + 0. What is r(6)?
-23
Let s(f) = -2*f**2 - 12*f + 27. Let c be 64/10 + (-154)/35 + 4 + -14. Calculate s(c).
-5
Let v(i) be the third derivative of -i**5/60 + i**4/2 - 10*i**3/3 + 2538*i**2. Give v(9).
7
Let l(a) = 36 - 4*a - 2*a**2 + 47 - 78. Let s be (-7040)/(-1728) + (-2)/27. Give l(s).
-43
Let n(r) be the third derivative of r**7/840 - r**6/90 - r**5/30 - r**4/8 - 49*r**3/6 + 55*r**2. Let i(v) be the first derivative of n(v). What is i(5)?
2
Let z be (-5)/(1105/4403) - (-4)/(-52). Let m(p) = 2*p + 41. Calculate m(z).
1
Let j be -4*(8/12 - 1574/12). Let c = j - 519. Let v(z) = -2 + 0*z + z - 2. What is v(c)?
-1
Let v(l) = l**3 + l**2 - 2*l - 2. Let w be v(-2). Let m(y) be the second derivative of 113 + 0*y**2 - 1/3*y**3 + 2*y - 1/10*y**5 - 1/4*y**4. What is m(w)?
8
Let y be 3/(-5) + 1 + 45452/220. Let b = -200 + y. Let i(a) = -3*a - 4. What is i(b)?
-25
Let d(s) = 48*s - 5245. Let p be d(110). Let t(k) = 14*k - 485. Give t(p).
5
Let q(w) = -w**2 - 21*w - 26. Let y(v) = -4*v**2 - 64*v - 92. Let f(u) = 7*q(u) - 2*y(u). What is f(21)?
44
Let y(z) = z**3 + 2*z**2 + 4*z + 2. Let n = 1481 - 1483. Give y(n).
-6
Let v(z) = 18*z + 163. Let o(m) = 108*m**2 - 975*m + 18. Let b be o(9). Calculate v(b).
1
Let t(l) = l**2 + 9*l + 12. Suppose p - 4*c = 4*p - 64, 1 = c. Suppose 4*q + 180 = -p. Let y = 42 + q. What is t(y)?
4
Let l(m) = 3*m**2 - 3*m**2 - m**2 + 9*m - 4 - 4. Let u be l(7). Let d(b) be the third derivative of b**4/24 - b**3/3 - 57*b**2. Give d(u).
4
Let f(x) = -5*x + 17. Let p = -4842 - -4845. Determine f(p).
2
Let c(b) = -b**3 + 6*b**2 - 5*b + 1. Suppose -13*w + 779 = -4*k - 12*w, 5*k = -4*w - 1000. Let j = 201 + k. Give c(j).
1
Let o(v) be the third derivative of v**5/60 - v**4/8 + 5*v**3/6 + 14*v**2. Suppose -3*a + 19 = 1462*x - 1458*x, -x + 2 = -2*a. What is o(x)?
9
Let u(g) = -123*g - 261. Let r(l) = -284*l - 609. Let d(b) = -7*r(b) + 16*u(b). Calculate d(-4).
7
Let w(c) = 32 - c**2 + 6 + 21 - 30 + 35. Determine w(8).
0
Let q = -4228 + 4233. Let u(z) = -2*z**2 + 6*z + 30. What is u(q)?
10
Let r(o) = 7*o**2 - o - 1. Let x(t) = -7*t + 76. Let h be x(11). Determine r(h).
7
Let w(b) = -b**3 - 11*b**2 - 10*b + 6. Let j be (28/(-6))/(-7)*(-2 - -8). Let q(i) = -i**3 + 4*i**2 - 2*i - 2. Let g be q(j). Give w(g).
6
Let n(g) = -8 + 316*g**2 - 13*g - 953*g**2 + 321*g**2 + 319*g**2. What is n(7)?
48
Let z(u) = -u**3 - 1. Let p be 13/78*18*-1. Calculate z(p).
26
Let j(c) be the third derivative of 5*c**4/8 - c**3/3 + 93*c**2 - 5. Give j(-4).
-62
Let y(z) = z**2 - 27*z + 29. Let u(d) = -33*d + 2303. Let i be u(69). What is y(i)?
3
Suppose -k - w + 6 = 0, 2*w = -3*k - 2*w + 20. Let v be (18/27)/(k/(-12)). Let s(h) = -h + 2. What is s(v)?
4
Let l(i) be the third derivative of -i**7/840 - i**6/36 - i**5/120 - i**4/2 - 7*i**3/2 + 37*i**2 - 2*i. Let t(u) be the first derivative of l(u). Give t(-10).
-2
Let l be ((16/96)/((-15)/18))/((-1)/30). Let j(f) = 2*f - 7. Let r(x) = x - 1. Let c(v) = j(v) + r(v). Calculate c(l).
10
Let d(h) be the first derivative of h**7/840 - h**6/36 + 11*h**5/120 - 7*h**4/24 + 13*h**3 + 30. Let q(k) be the third derivative of d(k). Calculate q(9).
11
Let q be -2 + 4 + 72/(-12). Let t(z) = z + 4. Give t(q).
0
Suppose -6*q + 625 = 619. Let i(x) = -q - 460*x + 232*x + 0 + 229*x. Let s = -2 + -3. Calculate i(s).
-6
Suppose 14*c + 3*d + 30 = 11*c, -d + 11 = -2*c. Let v(o) = 2*o + 2*o - 3 + 10. Let r(q) = -3*q - 7. Let x(p) = -5*r(p) - 4*v(p). Give x(c).
14
Let l(z) = -z + 19. Let u(j) = j**3 - 19*j**2 - 57*j - 186. Let b be u(22). Calculate l(b).
7
Suppose -3*k - 9 = -30. Let a(r) = -r**3 + 4*r**2 + 9*r - 9. Determine a(k).
-93
Let i be (4 - (-3 + 7)) + 3. Let u(f) = -5*f - 9. Let q(d) = -12*d - 19. Let o(a) = i*q(a) - 7*u(a). Calculate o(15).
-9
Suppose -3*r + 6*r = 9. Let l(h) = 4*h**2 + 22*h + 2. Let i = 457 + -463. Let g(f) = -f**2 - 3*f - 1. Let q(t) = i*g(t) - l(t). What is q(r)?
10
Let a(b) = -3*b + 6. Let v(d) = -d**3 + d - 6. Let g be v(0). Let o be (-2)/g - (-2 - (-154)/(-33)). Determine a(o).
-15
Let j(l) = -l - 3. Let p be j(-5). Let g(n) = -7*n + n**2 + 10 - 7 - p*n**2. Let z = -481 + 475. What is g(z)?
9
Let x(a) = -a**2 - 15*a + 20. Let i(p) = 91*p + 441. Let o be i(-5). Give x(o).
34
Let i be (-2 + 25/5)*((-38)/6 - -8). Let u(n) = n**3 - 5*n**2 - n - 1. Determine u(i).
-6
Let h(b) = 5*b + 6*b**2 - 134 + b**3 + 144 + 3*b. What is h(-4)?
10
Suppose -3*a = 5*k + 124 - 98, -56*k - 560 = 0. Let y(b) = 6*b**3 + 8*b**2 + 8*b. Let w(m) = -5*m**3 - 8*m**2 - 7*m - 1. Let n(x) = -7*w(x) - 6*y(x). Give n(a).
15
Suppose 4*y = -4*y + 2*y. Let g(t) = -t + 6 + 0 + y + 3. Give g(5).
4
Let l = 1979 - 1958. Let g(i) be the third derivative of l*i**2 + 1/60*i**5 - 1/4*i**4 + i**3 + 0 + 0*i. Determine g(4).
-2
Suppose -2*z - 60 = -98. Let f(n) = n**3 - 19*n**2 - n + 5. Determine f(z).
-14
Suppose 0 = 5*m + 5, 2*m = -4*l + 18 + 56. Suppose -6*u - x - l = -9*u, -x + 30 = 4*u. Let h(b) = -b**3 + 6*b**2 + 11*b - 7. Determine h(u).
21
Suppose -a - 13 - 7 = -5*o, 0 = -a - 3*o + 12. Let r(b) be the third derivative of -b